 2*d + 56 = 6*d. Calculate the remainder when t is divided by d.
10
Suppose 10 - 5 = 2*q - f, 15 = 5*f. Let n(y) be the third derivative of -y**4/24 + 5*y**3/6 + 4*y**2. Calculate the remainder when n(-8) is divided by q.
1
Let j = 25098 - 24338. What is the remainder when j is divided by 102?
46
Let k(v) = 14*v**2 + 2*v + 4. Let j be k(3). Suppose -2*c - 250 = 3*t, -3*t = 2*t - 7*c + 396. Let d = t + j. What is the remainder when 105 is divided by d?
51
Let m be 2 + -1 + (-12 - -10) + 177. Let d = 220 - m. What is the remainder when 80 is divided by d?
36
Suppose 5*t - 7183 = 3*h, 4*t + 50*h - 5726 = 49*h. Calculate the remainder when t is divided by 102.
5
Suppose -23*i = 49*i - 5976. Calculate the remainder when 2571 is divided by i.
81
Let z = 24748 - 20996. What is the remainder when z is divided by 157?
141
Suppose 56*u - 2567 = 27*u + 1435. Calculate the remainder when 1512 is divided by u.
132
Suppose -14*g - 534 = 1622. Let w = 245 - g. Calculate the remainder when w is divided by 101.
96
Suppose -3*f + 1124 = -3*h - 463, -1588 = -3*f + 2*h. What is the remainder when 2132 is divided by f?
12
Suppose -12721 + 2571 = -145*m. Calculate the remainder when m is divided by 20.
10
Let l = -3 - -8. Suppose 4*x - 82 = 2*b - 0*b, l*b - 117 = -4*x. Suppose f - 7*m = -5*m + 62, -m + 134 = 2*f. Calculate the remainder when f is divided by x.
20
Suppose 172*n - 9 = 181*n. What is the remainder when 1 + (-6 - -59) - n is divided by 25?
5
Suppose -3*a = 4*u - 750, -5*u + 4*a = -0*u - 922. Let l = -167 + u. Calculate the remainder when 111 is divided by l.
16
Suppose 54810 = 95*h - 60*h. Calculate the remainder when h is divided by 157.
153
Suppose 57544 - 18384 = 110*p. What is the remainder when p is divided by 14?
6
Suppose 4*q - 20 = -x, -3*q = -x + q - 12. Suppose -2*d + 218 = -4*o, -2*o - 72 - 12 = x*d. Calculate the remainder when 25 is divided by o/(-16) + 20/(-16).
1
Let u(t) = 13*t + 172. Let p = -279 - -268. What is the remainder when 112 is divided by u(p)?
25
Suppose -129 = -2*r + 153. Let w(d) = d**3 + 16*d**2 + 15*d - 1. Let i be w(-15). Let u = 35 - i. Calculate the remainder when r is divided by u.
33
Let j(w) be the first derivative of -w**4/4 - 3*w**3 - 11*w**2/2 - 13*w - 34. Calculate the remainder when 120 is divided by j(-8).
10
Suppose 36*h = 34*h + 376. Let b = h + -175. What is the remainder when b is divided by 5?
3
Let g(h) = 5*h - 17. Suppose 4*s + x = 5 + 1, 5*x = 5*s + 5. Suppose -8 - s = -3*f. What is the remainder when g(4) is divided by f?
0
Let q = -22 - -18. Let l = q - -3. What is the remainder when (l*1 + 2)/(25/2675) is divided by 12?
11
What is the remainder when 60/(-17 + 2)*(-41)/4 is divided by 16?
9
Suppose 2*v - 12 - 46 = 0. What is the remainder when 5 + 3/(-1 + -2) + 125 is divided by v?
13
Suppose 4*s - 47 = -4*a + 49, 3*a + 2*s = 68. Let b = -50 + 127. Calculate the remainder when b is divided by a.
17
Let o(z) = -93*z + 1828. What is the remainder when 2126 is divided by o(19)?
52
Let a be 12*(50/(-15) + 4). Let w = 5 + a. What is the remainder when (38/(-57))/((-4)/282) is divided by w?
8
Suppose -14041*q + 14028*q = -14547. What is the remainder when q is divided by 22?
19
Let q(b) = b**2 + b + 1. Let w(y) = 2*y**2 - 10*y - 2. Let a(t) = -4*q(t) + w(t). What is the remainder when 11 is divided by a(-6)?
5
Let c be (-816)/36*(-9)/2. What is the remainder when 64 is divided by c*(1 + 3)/12?
30
Let j = -5849 + 5892. Calculate the remainder when 1158 is divided by j.
40
Suppose -2859 - 847 - 839 = -5*a. What is the remainder when a is divided by 447?
15
Suppose 34*s + 1134 = 36*s. Suppose 4*g - 96 = -3*i, 0 = 3*g + i - 32 - 40. Calculate the remainder when (-2)/(-4) + s/6 is divided by g.
23
Suppose j + 6 - 42 = 3*t, -15 = 3*t. Suppose -h = 0, 5*h = a - 4 + 2. Suppose 229 + 84 = 5*g - 3*q, a*q + 64 = g. What is the remainder when g is divided by j?
20
What is the remainder when (-161 + 3)*(-2)/4 is divided by -1 - 28*(-2)/(40/15)?
19
Let v = -99 + 201. Suppose -20*b = -16*b + 20. Let i(y) = -y**3 + 25*y + 13. What is the remainder when v is divided by i(b)?
11
Suppose 2*x = -c + 71, 3*x + 15*c = 18*c + 84. Calculate the remainder when 152 is divided by x.
20
Let j(z) = -2*z**3 + 277*z**2 + 144*z + 437. What is the remainder when j(139) is divided by 11?
10
Let c be -1 - (0 + (-4)/(20/25)). Calculate the remainder when 2 - -34 - (c - 3/1) is divided by 22.
13
Let p = -4888 - -1908. What is the remainder when (-2)/9 + (p/(-45) - 7) is divided by 21?
17
Let j = 2245 - 370. Let w = -643 + j. What is the remainder when w is divided by 95?
92
Let p(j) = 11*j - 338. Calculate the remainder when p(44) is divided by 74.
72
Let r = 543 + -437. Let y(c) = c**2 + 14*c - 5. What is the remainder when r is divided by y(-15)?
6
Suppose 5*o - 2*c = 111 + 170, -4*c = 2*o - 98. What is the remainder when 1424 is divided by o?
49
Let o(n) = 8*n**2 + 2*n + 2. Let q(i) = 2*i**2 + 12*i + 9. What is the remainder when o(-3) is divided by q(-7)?
22
Let s be (3 + -5)/(9/108). Calculate the remainder when (7 - 1) + (82 - s) is divided by 33.
13
Let d = -1935 - -1959. Suppose -3*r + 10*r - 28 = 0. Suppose -4*x + 656 = r*a, -a - 167 = -x + a. Calculate the remainder when x is divided by d.
21
Let s(w) = w**2 - w - 1. Let c = 256 + -257. Let r(b) = -4*b**3 - b**2 + 4*b + 2. Calculate the remainder when s(-1) is divided by r(c).
0
Suppose -16 = -7*d + 3*d. Let o be (5 - (-6)/(-2))*d. Suppose 14 = 2*p - 2*j, -3*j + 1 = -o. What is the remainder when p is divided by 4?
2
Suppose -6*i = -16 - 8. Suppose j + 4 - 315 = i*g, 0 = 5*g + j + 400. Let v = 99 + g. Calculate the remainder when v is divided by 7.
6
Suppose 17*y - 1938 - 578 = -0*y. Calculate the remainder when y is divided by 19.
15
Suppose 0 = -3*p + 3, 553 = -o + 4*p + 598. Calculate the remainder when 82 is divided by o.
33
Calculate the remainder when 841 is divided by -7 + ((75/12 - -3) + 4)*4.
13
Suppose 1288 = 3*d + 835. Let c = 330 - d. Calculate the remainder when c is divided by 37.
31
What is the remainder when (-2 - (4 - 0)) + (1725 - 10) is divided by 30?
29
Let x(w) = -17*w**2 + w. Let c be x(-1). Let s = 12 - c. Let m(g) = 3*g**2 + 3855*g - 34791. What is the remainder when m(9) is divided by s?
27
Suppose 2*i = -4*l + 44, -i + 15*l + 22 = 20*l. Calculate the remainder when 4 - (-2 - -5) - -76 is divided by i.
11
Suppose 0 = -143*r + 130*r + 78. What is the remainder when 176 is divided by r?
2
Suppose 4*r = 0, 1672 = -9*s + 13*s + 2*r. Calculate the remainder when s is divided by 25.
18
Suppose 2*t - 167 + 29 = 0. Suppose -584*y + 583*y - 46 = 0. Let j = y + 60. What is the remainder when t is divided by j?
13
Suppose -195 = -5*v - 5*d, -3*v + 4*d - 172 + 261 = 0. Calculate the remainder when 6926 is divided by v.
31
Suppose 0 = 2*l - 12*l + 630. Suppose -l = -z + 2*i, 7*z - 9*z = 5*i - 126. What is the remainder when z is divided by 22?
19
Let s(h) = -4*h**2 + 8 - 31*h - 2*h**2 + 4*h**2. Calculate the remainder when 296 is divided by s(-15).
20
Suppose -x = 3, -k + 743 = -4*x - 1134. What is the remainder when k is divided by 926?
13
Let i = 13892 - 7306. What is the remainder when i is divided by 18?
16
Suppose 5910 + 25315 + 107 = 84*x. What is the remainder when x is divided by 189?
184
Suppose -2 = w - 4*q + 1, -4*w + 3*q = 12. Calculate the remainder when 52 - (4/1 - (w + 7)) is divided by 11.
8
Suppose -7*j + 197 = -363. Suppose -3*m - 2*m = 4*f + 124, -2*f + 2*m = j. Let v = f - -68. What is the remainder when v is divided by 18?
14
Suppose 39 = -3*g + 51. Suppose g*c + 4*u = 52 + 164, 3*c = 4*u + 155. Calculate the remainder when c is divided by 14.
11
Let z(n) = -601*n - 2771. What is the remainder when z(-5) is divided by 111?
12
Let v(m) = -18*m - 1. Let d be v(-1). Suppose d = 2*c - 19. Calculate the remainder when (-115)/(3/9 + -2) is divided by c.
15
Suppose -355*f - 80640 = -92710. Suppose -27 = -0*s - 3*s. Calculate the remainder when f is divided by s.
7
Let t = -6800 - -9678. What is the remainder when t is divided by 90?
88
Let s be 4 - (0 - (-70)/(-2)). Suppose s = 7*h + 4. Suppose -h*g + 5*w = -740, w + w + 444 = 3*g. Calculate the remainder when g is divided by 17.
12
Let y(w) = 7*w**2 - 97*w + 277. Calculate the remainder when 1056 is 